ist the prime factors of 231473524.
2, 523, 110647
What are the prime factors of 905408329?
7, 47, 393143
List the prime factors of 1636579359.
3, 29, 6270419
What are the prime factors of 1494206773?
61, 24495193
List the prime factors of 23353981.
7, 3336283
List the prime factors of 234801528.
2, 3, 13, 752569
What are the prime factors of 45178793?
11, 4107163
List the prime factors of 642610666.
2, 19, 16910807
List the prime factors of 107958610.
2, 5, 10795861
List the prime factors of 47104844.
2, 397, 29663
What are the prime factors of 172499698?
2, 7, 37, 113, 421
List the prime factors of 66013145.
5, 11, 47, 25537
List the prime factors of 19557781.
47, 107, 3889
What are the prime factors of 737168605?
5, 1709, 86269
List the prime factors of 80926937.
7, 13, 59, 15073
List the prime factors of 614410992.
2, 3, 13, 25247
What are the prime factors of 342589376?
2, 5352959
What are the prime factors of 3628171146?
2, 3, 604695191
List the prime factors of 1014272628.
2, 3, 84522719
List the prime factors of 47159853.
3, 13, 17, 83, 857
What are the prime factors of 152214473?
233, 653281
List the prime factors of 62794434.
2, 3, 367, 28517
What are the prime factors of 1243979834?
2, 621989917
List the prime factors of 1198438346.
2, 7, 85602739
What are the prime factors of 3550376694?
2, 3, 127, 4659287
List the prime factors of 66096628.
2, 13, 1271089
What are the prime factors of 1076955271?
7, 239, 91961
What are the prime factors of 49448773?
11, 19, 197, 1201
What are the prime factors of 246712121?
61, 1223, 3307
List the prime factors of 271411570.
2, 5, 61, 444937
List the prime factors of 1755103785.
3, 5, 157, 317, 2351
List the prime factors of 346076888.
2, 17, 467, 5449
List the prime factors of 206729043.
3, 68909681
List the prime factors of 156415616.
2, 7, 174571
What are the prime factors of 318597499?
11, 28963409
List the prime factors of 13424646.
2, 3, 787, 2843
List the prime factors of 2094812333.
53, 39524761
List the prime factors of 52461138.
2, 3, 2879, 3037
List the prime factors of 401212872.
2, 3, 157, 11831
List the prime factors of 426379832.
2, 5153, 10343
List the prime factors of 367481736.
2, 3, 19, 29, 59, 157
What are the prime factors of 5515324251?
3, 73, 149, 173, 977
What are the prime factors of 6925822564?
2, 4483, 386227
What are the prime factors of 195718266?
2, 3, 10873237
List the prime factors of 405418463.
29, 251, 55697
List the prime factors of 24763468.
2, 67, 92401
What are the prime factors of 1744024494?
2, 3, 290670749
What are the prime factors of 125480400?
2, 3, 5, 17, 6151
List the prime factors of 1956968401.
29, 89, 421, 1801
List the prime factors of 2725668150.
2, 3, 5, 18171121
What are the prime factors of 25431817?
25431817
List the prime factors of 561945941.
193, 967, 3011
List the prime factors of 1485721760.
2, 5, 1759, 5279
What are the prime factors of 3897313029?
3, 144344927
List the prime factors of 685335088.
2, 379, 113017
List the prime factors of 82451852.
2, 7, 2944709
List the prime factors of 67047674.
2, 33523837
List the prime factors of 51536130.
2, 3, 5, 181, 9491
List the prime factors of 3235055504.
2, 202190969
List the prime factors of 374337787.
79, 4738453
List the prime factors of 464735525.
5, 283, 65687
List the prime factors of 39249143.
39249143
List the prime factors of 46175698.
2, 23087849
What are the prime factors of 1372356320?
2, 5, 19, 107, 4219
What are the prime factors of 570389170?
2, 5, 13, 4387609
What are the prime factors of 584921688?
2, 3, 13, 19, 79, 1249
What are the prime factors of 394085420?
2, 5, 19704271
What are the prime factors of 58863317?
47, 1252411
List the prime factors of 82035432.
2, 3, 29, 101, 389
List the prime factors of 49887462.
2, 3, 8314577
List the prime factors of 140752833.
3, 13, 73, 3803
List the prime factors of 130005602.
2, 137, 617, 769
List the prime factors of 97758509.
3881, 25189
List the prime factors of 22986009.
3, 29, 88069
What are the prime factors of 42195271?
23, 829, 2213
What are the prime factors of 9737081?
9737081
What are the prime factors of 507508363?
23, 3779, 5839
List the prime factors of 13245881.
11, 1204171
List the prime factors of 1238744777.
131, 9456067
What are the prime factors of 598501534?
2, 131, 2284357
What are the prime factors of 691388522?
2, 11, 31426751
List the prime factors of 107450428.
2, 79, 337, 1009
What are the prime factors of 2891536700?
2, 5, 13, 2224259
List the prime factors of 262906610.
2, 5, 19, 71, 19489
List the prime factors of 2459703942.
2, 3, 293, 155461
What are the prime factors of 5963432570?
2, 5, 22037, 27061
What are the prime factors of 1001960443?
11, 131, 695323
What are the prime factors of 6867876917?
11, 127, 4916161
List the prime factors of 61124730.
2, 3, 5, 2037491
List the prime factors of 2119983562.
2, 263, 4030387
List the prime factors of 55775503.
7, 163, 48883
List the prime factors of 42403761.
3, 103, 149, 307
What are the prime factors of 41698893?
3, 13899631
What are the prime factors of 48312182?
2, 499, 48409
List the prime factors of 1356245294.
2, 678122647
List the prime factors of 1187460562.
2, 593730281
List the prime factors of 389186473.
13, 23, 41, 53, 599
What are the prime factors of 278014517?
11, 19, 1330213
What are the prime factors of 1848700966?
2, 7, 132050069
List the prime factors of 1845365704.
2, 7, 13, 2534843
List the prime factors of 374975668.
2, 41, 2286437
List the prime factors of 43381790.
2, 5, 17, 883
What are the prime factors of 1471576147?
1471576147
What are the prime factors of 68494457?
59, 983, 1181
List the prime factors of 946837788.
2, 3, 13, 181, 33533
What are the prime factors of 585784106?
2, 1367, 214259
List the prime factors of 45919800.
2, 3, 5, 97, 263
What are the prime factors of 419234230?
2, 5, 953, 43991
List the prime factors of 208132321.
173, 1203077
List the prime factors of 4133550.
2, 3, 5, 17, 1621
What are the prime factors of 14319742?
2, 41, 174631
What are the prime factors of 3370321?
1021, 3301
What are the prime factors of 3382420201?
3382420201
List the prime factors of 185535025.
5, 13, 17, 33581
What are the prime factors of 101125909?
127, 796267
List the prime factors of 47595254.
2, 7, 3399661
What are the prime factors of 1207557584?
2, 41, 1840789
What are the prime factors of 5722379311?
11, 31, 1525561
List the prime factors of 638434432.
2, 4987769
What are the prime factors of 120760803?
3, 197, 68111
List the prime factors of 169649934.
2, 3, 28274989
List the prime factors of 26911562.
2, 19, 708199
List the prime factors of 18770468.
2, 4692617
List the prime factors of 2971892452.
2, 7043, 105491
List the prime factors of 87331802.
2, 467, 93503
List the prime factors of 115138242.
2, 3, 6396569
What are the prime factors of 166993664?
2, 652319
What are the prime factors of 616537499?
53, 11632783
What are the prime factors of 5030264966?
2, 83, 223, 135887
List the prime factors of 2584823403.
3, 19, 45347779
List the prime factors of 7028154085.
5, 167, 8416951
What are the prime factors of 20790586?
2, 43, 151, 1601
What are the prime factors of 362147769?
3, 40238641
What are the prime factors of 4071043154?
2, 853, 2386309
List the prime factors of 2304904309.
2304904309
List the prime factors of 779126206.
2, 389563103
List the prime factors of 24359220.
2, 3, 5, 135329
What are the prime factors of 340324636?
2, 1951, 43609
What are the prime factors of 1591689353?
5861, 271573
List the prime factors of 1744686197.
29, 37, 1625989
What are the prime factors of 1212423456?
2, 3, 12629411
List the prime factors of 38761999.
38761999
List the prime factors of 43003843.
43003843
List the prime factors of 3479593549.
2251, 1545799
List the prime factors of 341924983.
1051, 325333
What are the prime factors of 32233286?
2, 16116643
List the prime factors of 722210941.
41, 17614901
List the prime factors of 38576789.
38576789
What are the prime factors of 22757813?
13, 31, 149, 379
What are the prime factors of 72603939?
3, 23, 1052231
What are the prime factors of 1090952698?
2, 11, 23, 196003
What are the prime factors of 258855731?
23, 11254597
List the prime factors of 877717580.
2, 5, 191, 